ivided by 365.
2
What is the remainder when 3285 is divided by 106?
105
What is the remainder when 11706 is divided by 75?
6
What is the remainder when 173282 is divided by 6?
2
What is the remainder when 144143 is divided by 154?
153
What is the remainder when 455771 is divided by 66?
41
Calculate the remainder when 602 is divided by 10.
2
What is the remainder when 40175 is divided by 265?
160
What is the remainder when 3261 is divided by 462?
27
What is the remainder when 27224 is divided by 287?
246
What is the remainder when 2170 is divided by 1047?
76
What is the remainder when 21519 is divided by 72?
63
Calculate the remainder when 59325 is divided by 4563.
6
Calculate the remainder when 1511 is divided by 1085.
426
What is the remainder when 10586 is divided by 331?
325
Calculate the remainder when 17948 is divided by 96.
92
What is the remainder when 9343 is divided by 170?
163
Calculate the remainder when 12474 is divided by 228.
162
What is the remainder when 59654 is divided by 29816?
22
Calculate the remainder when 7429 is divided by 174.
121
Calculate the remainder when 13855 is divided by 16.
15
What is the remainder when 297681 is divided by 137?
117
What is the remainder when 1106697 is divided by 357?
354
Calculate the remainder when 60265 is divided by 30088.
89
What is the remainder when 97147 is divided by 46?
41
What is the remainder when 5183 is divided by 70?
3
Calculate the remainder when 1517 is divided by 239.
83
Calculate the remainder when 1077 is divided by 1065.
12
What is the remainder when 202165 is divided by 26?
15
What is the remainder when 25141 is divided by 66?
61
What is the remainder when 217852 is divided by 494?
492
Calculate the remainder when 5467 is divided by 2615.
237
What is the remainder when 15076 is divided by 1437?
706
What is the remainder when 6047 is divided by 18?
17
What is the remainder when 256161 is divided by 16010?
1
Calculate the remainder when 45262 is divided by 1967.
21
Calculate the remainder when 236478 is divided by 739.
737
What is the remainder when 131045 is divided by 1680?
5
Calculate the remainder when 4656 is divided by 657.
57
Calculate the remainder when 162405 is divided by 804.
801
What is the remainder when 1733 is divided by 1597?
136
What is the remainder when 961 is divided by 164?
141
Calculate the remainder when 2702 is divided by 51.
50
What is the remainder when 35862 is divided by 11952?
6
What is the remainder when 12429 is divided by 48?
45
Calculate the remainder when 292532 is divided by 424.
396
Calculate the remainder when 17655 is divided by 127.
2
Calculate the remainder when 63303 is divided by 15824.
7
Calculate the remainder when 9062 is divided by 90.
62
What is the remainder when 335266 is divided by 113?
108
What is the remainder when 150287 is divided by 6831?
5
Calculate the remainder when 9281 is divided by 395.
196
Calculate the remainder when 48720 is divided by 12177.
12
What is the remainder when 349 is divided by 268?
81
What is the remainder when 5680 is divided by 29?
25
What is the remainder when 949 is divided by 14?
11
What is the remainder when 41511 is divided by 407?
404
What is the remainder when 2660 is divided by 658?
28
Calculate the remainder when 17551 is divided by 927.
865
Calculate the remainder when 29858 is divided by 34.
6
Calculate the remainder when 13518 is divided by 965.
8
What is the remainder when 3256 is divided by 220?
176
What is the remainder when 472 is divided by 286?
186
Calculate the remainder when 14037 is divided by 5.
2
What is the remainder when 65692 is divided by 6?
4
What is the remainder when 1252 is divided by 50?
2
Calculate the remainder when 16144 is divided by 69.
67
Calculate the remainder when 33781 is divided by 2412.
13
Calculate the remainder when 90871 is divided by 776.
79
What is the remainder when 5087 is divided by 77?
5
Calculate the remainder when 12588 is divided by 26.
4
Calculate the remainder when 170652 is divided by 4162.
10
What is the remainder when 8676 is divided by 967?
940
What is the remainder when 17731 is divided by 711?
667
Calculate the remainder when 174853 is divided by 282.
13
Calculate the remainder when 49868 is divided by 7122.
14
Calculate the remainder when 3909 is divided by 360.
309
What is the remainder when 8183 is divided by 3382?
1419
Calculate the remainder when 463126 is divided by 290.
286
What is the remainder when 62863 is divided by 127?
125
Calculate the remainder when 25362 is divided by 116.
74
Calculate the remainder when 117179 is divided by 1543.
1454
Calculate the remainder when 5291 is divided by 356.
307
What is the remainder when 16946 is divided by 157?
147
What is the remainder when 9685 is divided by 1302?
571
What is the remainder when 15101 is divided by 83?
78
What is the remainder when 56422 is divided by 44?
14
Calculate the remainder when 4191 is divided by 1388.
27
What is the remainder when 8112 is divided by 28?
20
What is the remainder when 64407 is divided by 499?
36
What is the remainder when 2593 is divided by 1810?
783
Calculate the remainder when 8026 is divided by 39.
31
Calculate the remainder when 22324 is divided by 78.
16
Calculate the remainder when 3030 is divided by 851.
477
Calculate the remainder when 834805 is divided by 49.
41
What is the remainder when 4350 is divided by 4253?
97
What is the remainder when 124629 is divided by 155?
9
Calculate the remainder when 42057 is divided by 239.
232
Calculate the remainder when 30657 is divided by 59.
36
Calculate the remainder when 353188 is divided by 29.
26
What is the remainder when 3954 is divided by 146?
12
What is the remainder when 302038 is divided by 203?
177
What is the remainder when 35625 is divided by 149?
14
What is the remainder when 3488 is divided by 35?
23
What is the remainder when 283859 is divided by 18?
17
What is the remainder when 35670 is divided by 49?
47
What is the remainder when 1293 is divided by 433?
427
What is the remainder when 48614 is divided by 16162?
128
What is the remainder when 108863 is divided by 252?
251
Calculate the remainder when 1394667 is divided by 952.
939
What is the remainder when 783737 is divided by 103?
10
What is the remainder when 186840 is divided by 46706?
16
What is the remainder when 5194 is divided by 742?
0
What is the remainder when 930 is divided by 41?
28
What is the remainder when 12478 is divided by 189?
4
What is the remainder when 54063 is divided by 983?
981
What is the remainder when 5600 is divided by 781?
133
What is the remainder when 15613 is divided by 161?
157
What is the remainder when 9010 is divided by 119?
85
Calculate the remainder when 1113 is divided by 280.
273
Calculate the remainder when 54 is divided by 39.
15
What is the remainder when 471683 is divided by 28?
23
What is the remainder when 7278777 is divided by 13?
12
What is the remainder when 169405 is divided by 788?
773
What is the remainder when 33085 is divided by 11?
8
Calculate the remainder when 4841 is divided by 46.
11
What is the remainder when 3633 is divided by 521?
507
Calculate the remainder when 15503 is divided by 5.
3
Calculate the remainder when 7596 is divided by 7532.
64
Calculate the remainder when 4799 is divided by 79.
59
Calculate the remainder when 502516 is divided by 122.
120
Calculate the remainder when 137881 is divided by 195.
16
Calculate the remainder when 887 is divided by 500.
387
What is the remainder when 1004 is divided by 348?
308
What is the remainder when 502270 is divided by 256?
254
What is the remainder when 156781 is divided by 2801?
2726
What is the remainder when 2895 is divided by 1428?
39
Calculate the remainder when 160312 is divided by 231.
229
What is the remainder when 1218 is divided by 140?
98
What is the remainder when 7251 is divided by 558?
555
Calculate the remainder when 620 is divided by 233.
154
What is the remainder when 29290 is divided by 47?
9
Calculate the remainder when 48398 is divided by 17.
16
What is the remainder when 74023 is divided by 301?
278
What is the remainder when 10632 is divided by 2107?
97
What is the remainder when 251 is divided by 167?
84
Calculate the remainder when 71160 is divided by 6468.
12
Calculate the remainder when 